{"version":"1.0","provider_name":"Association des Chasseurs de Grand Gibier de Charente Maritime","provider_url":"https:\/\/www.ancgg.org\/ad17","title":"NOMINATION DIRECTRICE GENERALE DELEGUEE OFB ANNE LE STRAT - Association des Chasseurs de Grand Gibier de Charente Maritime","type":"rich","width":600,"height":338,"html":"<blockquote class=\"wp-embedded-content\" data-secret=\"nj9cQ03KXy\"><a href=\"https:\/\/www.ancgg.org\/ad17\/nomination-directrice-generale-deleguee-ofb-anne-le-strat\/\">NOMINATION DIRECTRICE GENERALE DELEGUEE OFB ANNE LE STRAT<\/a><\/blockquote><iframe sandbox=\"allow-scripts\" security=\"restricted\" src=\"https:\/\/www.ancgg.org\/ad17\/nomination-directrice-generale-deleguee-ofb-anne-le-strat\/embed\/#?secret=nj9cQ03KXy\" width=\"600\" height=\"338\" title=\"\u00ab\u00a0NOMINATION DIRECTRICE GENERALE DELEGUEE OFB ANNE LE STRAT\u00a0\u00bb &#8212; Association des Chasseurs de Grand Gibier de Charente Maritime\" data-secret=\"nj9cQ03KXy\" frameborder=\"0\" marginwidth=\"0\" marginheight=\"0\" scrolling=\"no\" class=\"wp-embedded-content\"><\/iframe><script type=\"text\/javascript\">\n\/* <![CDATA[ *\/\n\/*! This file is auto-generated *\/\n!function(d,l){\"use strict\";l.querySelector&&d.addEventListener&&\"undefined\"!=typeof URL&&(d.wp=d.wp||{},d.wp.receiveEmbedMessage||(d.wp.receiveEmbedMessage=function(e){var t=e.data;if((t||t.secret||t.message||t.value)&&!\/[^a-zA-Z0-9]\/.test(t.secret)){for(var s,r,n,a=l.querySelectorAll('iframe[data-secret=\"'+t.secret+'\"]'),o=l.querySelectorAll('blockquote[data-secret=\"'+t.secret+'\"]'),c=new RegExp(\"^https?:$\",\"i\"),i=0;i<o.length;i++)o[i].style.display=\"none\";for(i=0;i<a.length;i++)s=a[i],e.source===s.contentWindow&&(s.removeAttribute(\"style\"),\"height\"===t.message?(1e3<(r=parseInt(t.value,10))?r=1e3:~~r<200&&(r=200),s.height=r):\"link\"===t.message&&(r=new URL(s.getAttribute(\"src\")),n=new URL(t.value),c.test(n.protocol))&&n.host===r.host&&l.activeElement===s&&(d.top.location.href=t.value))}},d.addEventListener(\"message\",d.wp.receiveEmbedMessage,!1),l.addEventListener(\"DOMContentLoaded\",function(){for(var e,t,s=l.querySelectorAll(\"iframe.wp-embedded-content\"),r=0;r<s.length;r++)(t=(e=s[r]).getAttribute(\"data-secret\"))||(t=Math.random().toString(36).substring(2,12),e.src+=\"#?secret=\"+t,e.setAttribute(\"data-secret\",t)),e.contentWindow.postMessage({message:\"ready\",secret:t},\"*\")},!1)))}(window,document);\n\/\/# sourceURL=https:\/\/www.ancgg.org\/ad17\/wp-includes\/js\/wp-embed.min.js\n\/* ]]> *\/\n<\/script>\n","description":"La nomination d\u2019Anne Le Strat au poste de directrice d\u00e9l\u00e9gu\u00e9e \u00e0 la mobilisation de la soci\u00e9t\u00e9 au sein de l\u2019Office fran\u00e7ais de la biodiversit\u00e9 suscite une certaine incompr\u00e9hension. Figure historique de l\u2019\u00e9cologie politique parisienne, ancienne adjointe au maire de Paris et membre du bureau politique d\u2019Europe \u00c9cologie Les Verts, Anne Le Strat est identifi\u00e9e depuis [&hellip;]","thumbnail_url":"https:\/\/www.sochasse.fr\/wp-content\/uploads\/2026\/01\/directrice-ofb-1200x720.png"}

La nomination d’Anne Le Strat au poste de directrice déléguée à la mobilisation de la société au sein de l’Office français de la biodiversité suscite une certaine incompréhension. Figure historique de l’écologie politique parisienne, ancienne adjointe au maire de Paris et membre du bureau politique d’Europe Écologie Les Verts, Anne Le Strat est identifiée depuis [&hellip;]
