{"id":87,"date":"2020-10-07T15:20:19","date_gmt":"2020-10-07T13:20:19","guid":{"rendered":"https:\/\/www.ancgg.org\/ad26\/?page_id=87"},"modified":"2023-08-01T22:35:43","modified_gmt":"2023-08-01T20:35:43","slug":"presentation","status":"publish","type":"page","link":"https:\/\/www.ancgg.org\/ad26\/presentation\/","title":{"rendered":"Pr\u00e9sentation"},"content":{"rendered":"<div class=\"wpb-content-wrapper\"><p>[vc_row][vc_column][vc_empty_space][\/vc_column][\/vc_row][vc_row][vc_column][vc_column_text]<\/p>\n<div id=\"sconnect-is-installed\">Cr\u00e9e en 1988, l&rsquo;association propose les activit\u00e9s suivantes :<\/div>\n<ul>\n<li>organisation du Brevet Grand Gibier : tous les ans, chaque module est pr\u00e9sent\u00e9 par un sp\u00e9cialiste: armurier, v\u00e9t\u00e9rinaire, forestier<\/li>\n<li>stand de tir sanglier courant<\/li>\n<li>r\u00e9glage des armes<\/li>\n<li>participation \u00e0 la mise en place et au fonctionnement du Cinematir avec la FDC26<\/li>\n<li>participation aux f\u00eates de la chasse locales et r\u00e9gionales<\/li>\n<\/ul>\n<div><\/div>\n<div id=\"sconnect-is-installed\"><\/div>\n<div id=\"sconnect-is-installed\"><\/div>\n<p>[\/vc_column_text][vc_column_text]<\/p>\n<div id=\"sconnect-is-installed\"><\/div>\n<p>[\/vc_column_text][\/vc_column][\/vc_row][vc_row][vc_column][vc_single_image image=\u00a0\u00bb557&Prime; img_size=\u00a0\u00bbfull\u00a0\u00bb][\/vc_column][\/vc_row]<\/p>\n<\/div>","protected":false},"excerpt":{"rendered":"<p>[vc_row][vc_column][vc_empty_space][\/vc_column][\/vc_row][vc_row][vc_column][vc_column_text] Cr\u00e9e en 1988, l&rsquo;association propose les activit\u00e9s suivantes : organisation du Brevet Grand Gibier : tous les ans, chaque module est pr\u00e9sent\u00e9 par un sp\u00e9cialiste: armurier, v\u00e9t\u00e9rinaire, forestier stand de tir sanglier courant r\u00e9glage des armes participation \u00e0 la mise en place et au fonctionnement du Cinematir avec la FDC26 participation aux f\u00eates de [&hellip;]<\/p>\n","protected":false},"author":1,"featured_media":0,"parent":0,"menu_order":4,"comment_status":"closed","ping_status":"closed","template":"","meta":{"_acf_changed":false,"footnotes":""},"class_list":["post-87","page","type-page","status-publish","hentry"],"acf":[],"yoast_head":"<!-- This site is optimized with the Yoast SEO plugin v27.4 - https:\/\/yoast.com\/product\/yoast-seo-wordpress\/ -->\n<title>Pr\u00e9sentation - Association D\u00e9partementale des Chasseurs de Grand Gibier de la Dr\u00f4me<\/title>\n<meta name=\"robots\" content=\"noindex, follow, max-snippet:-1, max-image-preview:large, max-video-preview:-1\" \/>\n<meta property=\"og:locale\" content=\"fr_FR\" \/>\n<meta property=\"og:type\" content=\"article\" \/>\n<meta property=\"og:title\" content=\"Pr\u00e9sentation - Association D\u00e9partementale des Chasseurs de Grand Gibier de la Dr\u00f4me\" \/>\n<meta property=\"og:description\" content=\"[vc_row][vc_column][vc_empty_space][\/vc_column][\/vc_row][vc_row][vc_column][vc_column_text] Cr\u00e9e en 1988, l&rsquo;association propose les activit\u00e9s suivantes : organisation du Brevet Grand Gibier : tous les ans, chaque module est pr\u00e9sent\u00e9 par un sp\u00e9cialiste: armurier, v\u00e9t\u00e9rinaire, forestier stand de tir sanglier courant r\u00e9glage des armes participation \u00e0 la mise en place et au fonctionnement du Cinematir avec la FDC26 participation aux f\u00eates de [&hellip;]\" \/>\n<meta property=\"og:url\" content=\"https:\/\/www.ancgg.org\/ad26\/presentation\/\" \/>\n<meta property=\"og:site_name\" content=\"Association D\u00e9partementale des Chasseurs de Grand Gibier de la Dr\u00f4me\" \/>\n<meta property=\"article:modified_time\" content=\"2023-08-01T20:35:43+00:00\" \/>\n<meta name=\"twitter:card\" content=\"summary_large_image\" \/>\n<meta name=\"twitter:label1\" content=\"Dur\u00e9e de lecture estim\u00e9e\" \/>\n\t<meta name=\"twitter:data1\" content=\"1 minute\" \/>\n<script type=\"application\/ld+json\" class=\"yoast-schema-graph\">{\"@context\":\"https:\\\/\\\/schema.org\",\"@graph\":[{\"@type\":\"WebPage\",\"@id\":\"https:\\\/\\\/www.ancgg.org\\\/ad26\\\/presentation\\\/\",\"url\":\"https:\\\/\\\/www.ancgg.org\\\/ad26\\\/presentation\\\/\",\"name\":\"Pr\u00e9sentation - Association D\u00e9partementale des Chasseurs de Grand Gibier de la Dr\u00f4me\",\"isPartOf\":{\"@id\":\"https:\\\/\\\/www.ancgg.org\\\/ad26\\\/#website\"},\"datePublished\":\"2020-10-07T13:20:19+00:00\",\"dateModified\":\"2023-08-01T20:35:43+00:00\",\"breadcrumb\":{\"@id\":\"https:\\\/\\\/www.ancgg.org\\\/ad26\\\/presentation\\\/#breadcrumb\"},\"inLanguage\":\"fr-FR\",\"potentialAction\":[{\"@type\":\"ReadAction\",\"target\":[\"https:\\\/\\\/www.ancgg.org\\\/ad26\\\/presentation\\\/\"]}]},{\"@type\":\"BreadcrumbList\",\"@id\":\"https:\\\/\\\/www.ancgg.org\\\/ad26\\\/presentation\\\/#breadcrumb\",\"itemListElement\":[{\"@type\":\"ListItem\",\"position\":1,\"name\":\"Accueil\",\"item\":\"https:\\\/\\\/www.ancgg.org\\\/ad26\\\/\"},{\"@type\":\"ListItem\",\"position\":2,\"name\":\"Pr\u00e9sentation\"}]},{\"@type\":\"WebSite\",\"@id\":\"https:\\\/\\\/www.ancgg.org\\\/ad26\\\/#website\",\"url\":\"https:\\\/\\\/www.ancgg.org\\\/ad26\\\/\",\"name\":\"Association D\u00e9partementale des Chasseurs de Grand Gibier de la Dr\u00f4me\",\"description\":\"\",\"potentialAction\":[{\"@type\":\"SearchAction\",\"target\":{\"@type\":\"EntryPoint\",\"urlTemplate\":\"https:\\\/\\\/www.ancgg.org\\\/ad26\\\/?s={search_term_string}\"},\"query-input\":{\"@type\":\"PropertyValueSpecification\",\"valueRequired\":true,\"valueName\":\"search_term_string\"}}],\"inLanguage\":\"fr-FR\"}]}<\/script>\n<!-- \/ Yoast SEO plugin. -->","yoast_head_json":{"title":"Pr\u00e9sentation - Association D\u00e9partementale des Chasseurs de Grand Gibier de la Dr\u00f4me","robots":{"index":"noindex","follow":"follow","max-snippet":"max-snippet:-1","max-image-preview":"max-image-preview:large","max-video-preview":"max-video-preview:-1"},"og_locale":"fr_FR","og_type":"article","og_title":"Pr\u00e9sentation - Association D\u00e9partementale des Chasseurs de Grand Gibier de la Dr\u00f4me","og_description":"[vc_row][vc_column][vc_empty_space][\/vc_column][\/vc_row][vc_row][vc_column][vc_column_text] Cr\u00e9e en 1988, l&rsquo;association propose les activit\u00e9s suivantes : organisation du Brevet Grand Gibier : tous les ans, chaque module est pr\u00e9sent\u00e9 par un sp\u00e9cialiste: armurier, v\u00e9t\u00e9rinaire, forestier stand de tir sanglier courant r\u00e9glage des armes participation \u00e0 la mise en place et au fonctionnement du Cinematir avec la FDC26 participation aux f\u00eates de [&hellip;]","og_url":"https:\/\/www.ancgg.org\/ad26\/presentation\/","og_site_name":"Association D\u00e9partementale des Chasseurs de Grand Gibier de la Dr\u00f4me","article_modified_time":"2023-08-01T20:35:43+00:00","twitter_card":"summary_large_image","twitter_misc":{"Dur\u00e9e de lecture estim\u00e9e":"1 minute"},"schema":{"@context":"https:\/\/schema.org","@graph":[{"@type":"WebPage","@id":"https:\/\/www.ancgg.org\/ad26\/presentation\/","url":"https:\/\/www.ancgg.org\/ad26\/presentation\/","name":"Pr\u00e9sentation - Association D\u00e9partementale des Chasseurs de Grand Gibier de la Dr\u00f4me","isPartOf":{"@id":"https:\/\/www.ancgg.org\/ad26\/#website"},"datePublished":"2020-10-07T13:20:19+00:00","dateModified":"2023-08-01T20:35:43+00:00","breadcrumb":{"@id":"https:\/\/www.ancgg.org\/ad26\/presentation\/#breadcrumb"},"inLanguage":"fr-FR","potentialAction":[{"@type":"ReadAction","target":["https:\/\/www.ancgg.org\/ad26\/presentation\/"]}]},{"@type":"BreadcrumbList","@id":"https:\/\/www.ancgg.org\/ad26\/presentation\/#breadcrumb","itemListElement":[{"@type":"ListItem","position":1,"name":"Accueil","item":"https:\/\/www.ancgg.org\/ad26\/"},{"@type":"ListItem","position":2,"name":"Pr\u00e9sentation"}]},{"@type":"WebSite","@id":"https:\/\/www.ancgg.org\/ad26\/#website","url":"https:\/\/www.ancgg.org\/ad26\/","name":"Association D\u00e9partementale des Chasseurs de Grand Gibier de la Dr\u00f4me","description":"","potentialAction":[{"@type":"SearchAction","target":{"@type":"EntryPoint","urlTemplate":"https:\/\/www.ancgg.org\/ad26\/?s={search_term_string}"},"query-input":{"@type":"PropertyValueSpecification","valueRequired":true,"valueName":"search_term_string"}}],"inLanguage":"fr-FR"}]}},"_links":{"self":[{"href":"https:\/\/www.ancgg.org\/ad26\/wp-json\/wp\/v2\/pages\/87","targetHints":{"allow":["GET"]}}],"collection":[{"href":"https:\/\/www.ancgg.org\/ad26\/wp-json\/wp\/v2\/pages"}],"about":[{"href":"https:\/\/www.ancgg.org\/ad26\/wp-json\/wp\/v2\/types\/page"}],"author":[{"embeddable":true,"href":"https:\/\/www.ancgg.org\/ad26\/wp-json\/wp\/v2\/users\/1"}],"replies":[{"embeddable":true,"href":"https:\/\/www.ancgg.org\/ad26\/wp-json\/wp\/v2\/comments?post=87"}],"version-history":[{"count":24,"href":"https:\/\/www.ancgg.org\/ad26\/wp-json\/wp\/v2\/pages\/87\/revisions"}],"predecessor-version":[{"id":187,"href":"https:\/\/www.ancgg.org\/ad26\/wp-json\/wp\/v2\/pages\/87\/revisions\/187"}],"wp:attachment":[{"href":"https:\/\/www.ancgg.org\/ad26\/wp-json\/wp\/v2\/media?parent=87"}],"curies":[{"name":"wp","href":"https:\/\/api.w.org\/{rel}","templated":true}]}}