{"id":405,"date":"2023-03-01T11:44:57","date_gmt":"2023-03-01T10:44:57","guid":{"rendered":"https:\/\/www.ancgg.org\/ad72\/?page_id=405"},"modified":"2025-02-04T14:44:59","modified_gmt":"2025-02-04T13:44:59","slug":"calendrier","status":"publish","type":"page","link":"https:\/\/www.ancgg.org\/ad72\/brevet-grand-gibier\/calendrier\/","title":{"rendered":"Calendrier 2025"},"content":{"rendered":"<p>&nbsp;<\/p>\n<ul>\n<li><strong>Vendredi 7 Mars<\/strong> &#8211; 19h &#8211; Accueil \/ Cerf \/ V\u00e9nerie &#8211; F\u00e9d\u00e9ration des chasseurs \u00e0 Voivres L\u00e8s Le Mans,<\/li>\n<li><strong>Vendredi 14 Mars<\/strong> &#8211; 19h30 &#8211; Gibier de montagne \/ Sanglier &#8211; F\u00e9d\u00e9ration des chasseurs \u00e0 Voivres L\u00e8s Le Mans,<\/li>\n<li><strong>Vendredi 28 Mars<\/strong> &#8211; 19h30 &#8211; Chevreuil \/ Honneurs \/ Chiens &#8211; F\u00e9d\u00e9ration des chasseurs \u00e0 Voivres L\u00e8s Le Mans,<\/li>\n<li><strong>Vendredi 11 Avril<\/strong> &#8211; 19h30 &#8211; Tir \u00e0 l&rsquo;Arc \/ Chasse \u00e0 tir &#8211; F\u00e9d\u00e9ration des chasseurs \u00e0 Voivres L\u00e8s Le Mans,<\/li>\n<li><strong>Vendredi 25 Avril<\/strong> &#8211; 19h30 &#8211; R\u00e8glementation &#8211; F\u00e9d\u00e9ration des chasseurs \u00e0 Voivres L\u00e8s Le Mans,<\/li>\n<li><strong>Vendredi 9 Mai<\/strong> &#8211; 19h30 &#8211; S\u00e9curit\u00e9 &#8211; F\u00e9d\u00e9ration des chasseurs \u00e0 Voivres L\u00e8s Le Mans,<\/li>\n<li><strong>Vendredi 23 Mai<\/strong> &#8211; 19h30 &#8211; Pathologie &#8211; F\u00e9d\u00e9ration des chasseurs \u00e0 Voivres L\u00e8s Le Mans,<\/li>\n<li><strong>Samedi 24 Mai<\/strong> &#8211; 9h &#8211; For\u00eat \/ Recherche au sang &#8211; Coudrecieux,<\/li>\n<li><strong>Samedi 7 Juin<\/strong> &#8211; 9h &#8211; Arme \/ Balistique \/ Optique \/ Brevet Blanc &#8211; F\u00e9d\u00e9ration des chasseurs \u00e0 Voivres L\u00e8s Le Mans,<\/li>\n<li><strong>Samedi 11 Juin<\/strong> &#8211; Horaire \u00e0 d\u00e9finir &#8211; Brevet G\u00e9n\u00e9ral &#8211; F\u00e9d\u00e9ration des chasseurs \u00e0 Voivres L\u00e8s Le Mans.<\/li>\n<\/ul>\n<p><em><strong>Pour plus de renseignements :<\/strong><\/em><\/p>\n<ul>\n<li>Lydie Hautreux \u00e0 assograndgibier72@gmail .com ou 06.81.83.05.81<\/li>\n<li>ou Benjamin Leroux \u00e0 Benjilrx@gmail.com<\/li>\n<\/ul>\n","protected":false},"excerpt":{"rendered":"<p>&nbsp; Vendredi 7 Mars &#8211; 19h &#8211; Accueil \/ Cerf \/ V\u00e9nerie &#8211; F\u00e9d\u00e9ration des chasseurs \u00e0 Voivres L\u00e8s Le Mans, Vendredi 14 Mars &#8211; 19h30 &#8211; Gibier de montagne \/ Sanglier &#8211; F\u00e9d\u00e9ration des chasseurs \u00e0 Voivres L\u00e8s Le Mans, Vendredi 28 Mars &#8211; 19h30 &#8211; Chevreuil \/ Honneurs \/ Chiens &#8211; F\u00e9d\u00e9ration des [&hellip;]<\/p>\n","protected":false},"author":204,"featured_media":0,"parent":396,"menu_order":0,"comment_status":"closed","ping_status":"closed","template":"","meta":{"_acf_changed":false,"footnotes":""},"class_list":["post-405","page","type-page","status-publish","hentry"],"acf":[],"yoast_head":"<!-- This site is optimized with the Yoast SEO plugin v27.3 - https:\/\/yoast.com\/product\/yoast-seo-wordpress\/ -->\n<title>Calendrier 2025 - Association des Chasseurs de Grand Gibier de la Sarthe<\/title>\n<meta name=\"robots\" content=\"noindex, follow, max-snippet:-1, max-image-preview:large, max-video-preview:-1\" \/>\n<meta property=\"og:locale\" content=\"fr_FR\" \/>\n<meta property=\"og:type\" content=\"article\" \/>\n<meta property=\"og:title\" content=\"Calendrier 2025 - Association des Chasseurs de Grand Gibier de la Sarthe\" \/>\n<meta property=\"og:description\" content=\"&nbsp; Vendredi 7 Mars &#8211; 19h &#8211; Accueil \/ Cerf \/ V\u00e9nerie &#8211; F\u00e9d\u00e9ration des chasseurs \u00e0 Voivres L\u00e8s Le Mans, Vendredi 14 Mars &#8211; 19h30 &#8211; Gibier de montagne \/ Sanglier &#8211; F\u00e9d\u00e9ration des chasseurs \u00e0 Voivres L\u00e8s Le Mans, Vendredi 28 Mars &#8211; 19h30 &#8211; Chevreuil \/ Honneurs \/ Chiens &#8211; F\u00e9d\u00e9ration des [&hellip;]\" \/>\n<meta property=\"og:url\" content=\"https:\/\/www.ancgg.org\/ad72\/brevet-grand-gibier\/calendrier\/\" \/>\n<meta property=\"og:site_name\" content=\"Association des Chasseurs de Grand Gibier de la Sarthe\" \/>\n<meta property=\"article:modified_time\" content=\"2025-02-04T13:44:59+00:00\" \/>\n<meta name=\"twitter:card\" content=\"summary_large_image\" \/>\n<meta name=\"twitter:label1\" content=\"Dur\u00e9e de lecture estim\u00e9e\" \/>\n\t<meta name=\"twitter:data1\" content=\"1 minute\" \/>\n<script type=\"application\/ld+json\" class=\"yoast-schema-graph\">{\"@context\":\"https:\\\/\\\/schema.org\",\"@graph\":[{\"@type\":\"WebPage\",\"@id\":\"https:\\\/\\\/www.ancgg.org\\\/ad72\\\/brevet-grand-gibier\\\/calendrier\\\/\",\"url\":\"https:\\\/\\\/www.ancgg.org\\\/ad72\\\/brevet-grand-gibier\\\/calendrier\\\/\",\"name\":\"Calendrier 2025 - Association des Chasseurs de Grand Gibier de la Sarthe\",\"isPartOf\":{\"@id\":\"https:\\\/\\\/www.ancgg.org\\\/ad72\\\/#website\"},\"datePublished\":\"2023-03-01T10:44:57+00:00\",\"dateModified\":\"2025-02-04T13:44:59+00:00\",\"breadcrumb\":{\"@id\":\"https:\\\/\\\/www.ancgg.org\\\/ad72\\\/brevet-grand-gibier\\\/calendrier\\\/#breadcrumb\"},\"inLanguage\":\"fr-FR\",\"potentialAction\":[{\"@type\":\"ReadAction\",\"target\":[\"https:\\\/\\\/www.ancgg.org\\\/ad72\\\/brevet-grand-gibier\\\/calendrier\\\/\"]}]},{\"@type\":\"BreadcrumbList\",\"@id\":\"https:\\\/\\\/www.ancgg.org\\\/ad72\\\/brevet-grand-gibier\\\/calendrier\\\/#breadcrumb\",\"itemListElement\":[{\"@type\":\"ListItem\",\"position\":1,\"name\":\"Accueil\",\"item\":\"https:\\\/\\\/www.ancgg.org\\\/ad72\\\/\"},{\"@type\":\"ListItem\",\"position\":2,\"name\":\"Brevet Grand Gibier\",\"item\":\"https:\\\/\\\/www.ancgg.org\\\/ad72\\\/brevet-grand-gibier\\\/\"},{\"@type\":\"ListItem\",\"position\":3,\"name\":\"Calendrier 2025\"}]},{\"@type\":\"WebSite\",\"@id\":\"https:\\\/\\\/www.ancgg.org\\\/ad72\\\/#website\",\"url\":\"https:\\\/\\\/www.ancgg.org\\\/ad72\\\/\",\"name\":\"Association des Chasseurs de Grand Gibier de la Sarthe\",\"description\":\"\",\"potentialAction\":[{\"@type\":\"SearchAction\",\"target\":{\"@type\":\"EntryPoint\",\"urlTemplate\":\"https:\\\/\\\/www.ancgg.org\\\/ad72\\\/?s={search_term_string}\"},\"query-input\":{\"@type\":\"PropertyValueSpecification\",\"valueRequired\":true,\"valueName\":\"search_term_string\"}}],\"inLanguage\":\"fr-FR\"}]}<\/script>\n<!-- \/ Yoast SEO plugin. -->","yoast_head_json":{"title":"Calendrier 2025 - Association des Chasseurs de Grand Gibier de la Sarthe","robots":{"index":"noindex","follow":"follow","max-snippet":"max-snippet:-1","max-image-preview":"max-image-preview:large","max-video-preview":"max-video-preview:-1"},"og_locale":"fr_FR","og_type":"article","og_title":"Calendrier 2025 - Association des Chasseurs de Grand Gibier de la Sarthe","og_description":"&nbsp; Vendredi 7 Mars &#8211; 19h &#8211; Accueil \/ Cerf \/ V\u00e9nerie &#8211; F\u00e9d\u00e9ration des chasseurs \u00e0 Voivres L\u00e8s Le Mans, Vendredi 14 Mars &#8211; 19h30 &#8211; Gibier de montagne \/ Sanglier &#8211; F\u00e9d\u00e9ration des chasseurs \u00e0 Voivres L\u00e8s Le Mans, Vendredi 28 Mars &#8211; 19h30 &#8211; Chevreuil \/ Honneurs \/ Chiens &#8211; F\u00e9d\u00e9ration des [&hellip;]","og_url":"https:\/\/www.ancgg.org\/ad72\/brevet-grand-gibier\/calendrier\/","og_site_name":"Association des Chasseurs de Grand Gibier de la Sarthe","article_modified_time":"2025-02-04T13:44:59+00:00","twitter_card":"summary_large_image","twitter_misc":{"Dur\u00e9e de lecture estim\u00e9e":"1 minute"},"schema":{"@context":"https:\/\/schema.org","@graph":[{"@type":"WebPage","@id":"https:\/\/www.ancgg.org\/ad72\/brevet-grand-gibier\/calendrier\/","url":"https:\/\/www.ancgg.org\/ad72\/brevet-grand-gibier\/calendrier\/","name":"Calendrier 2025 - Association des Chasseurs de Grand Gibier de la Sarthe","isPartOf":{"@id":"https:\/\/www.ancgg.org\/ad72\/#website"},"datePublished":"2023-03-01T10:44:57+00:00","dateModified":"2025-02-04T13:44:59+00:00","breadcrumb":{"@id":"https:\/\/www.ancgg.org\/ad72\/brevet-grand-gibier\/calendrier\/#breadcrumb"},"inLanguage":"fr-FR","potentialAction":[{"@type":"ReadAction","target":["https:\/\/www.ancgg.org\/ad72\/brevet-grand-gibier\/calendrier\/"]}]},{"@type":"BreadcrumbList","@id":"https:\/\/www.ancgg.org\/ad72\/brevet-grand-gibier\/calendrier\/#breadcrumb","itemListElement":[{"@type":"ListItem","position":1,"name":"Accueil","item":"https:\/\/www.ancgg.org\/ad72\/"},{"@type":"ListItem","position":2,"name":"Brevet Grand Gibier","item":"https:\/\/www.ancgg.org\/ad72\/brevet-grand-gibier\/"},{"@type":"ListItem","position":3,"name":"Calendrier 2025"}]},{"@type":"WebSite","@id":"https:\/\/www.ancgg.org\/ad72\/#website","url":"https:\/\/www.ancgg.org\/ad72\/","name":"Association des Chasseurs de Grand Gibier de la Sarthe","description":"","potentialAction":[{"@type":"SearchAction","target":{"@type":"EntryPoint","urlTemplate":"https:\/\/www.ancgg.org\/ad72\/?s={search_term_string}"},"query-input":{"@type":"PropertyValueSpecification","valueRequired":true,"valueName":"search_term_string"}}],"inLanguage":"fr-FR"}]}},"_links":{"self":[{"href":"https:\/\/www.ancgg.org\/ad72\/wp-json\/wp\/v2\/pages\/405","targetHints":{"allow":["GET"]}}],"collection":[{"href":"https:\/\/www.ancgg.org\/ad72\/wp-json\/wp\/v2\/pages"}],"about":[{"href":"https:\/\/www.ancgg.org\/ad72\/wp-json\/wp\/v2\/types\/page"}],"author":[{"embeddable":true,"href":"https:\/\/www.ancgg.org\/ad72\/wp-json\/wp\/v2\/users\/204"}],"replies":[{"embeddable":true,"href":"https:\/\/www.ancgg.org\/ad72\/wp-json\/wp\/v2\/comments?post=405"}],"version-history":[{"count":15,"href":"https:\/\/www.ancgg.org\/ad72\/wp-json\/wp\/v2\/pages\/405\/revisions"}],"predecessor-version":[{"id":598,"href":"https:\/\/www.ancgg.org\/ad72\/wp-json\/wp\/v2\/pages\/405\/revisions\/598"}],"up":[{"embeddable":true,"href":"https:\/\/www.ancgg.org\/ad72\/wp-json\/wp\/v2\/pages\/396"}],"wp:attachment":[{"href":"https:\/\/www.ancgg.org\/ad72\/wp-json\/wp\/v2\/media?parent=405"}],"curies":[{"name":"wp","href":"https:\/\/api.w.org\/{rel}","templated":true}]}}